13
What are the prime factors of 5289?
3, 41, 43
List the prime factors of 78570.
2, 3, 5, 97
What are the prime factors of 1483?
1483
List the prime factors of 771.
3, 257
What are the prime factors of 105840?
2, 3, 5, 7
List the prime factors of 50021.
50021
List the prime factors of 953.
953
List the prime factors of 3137.
3137
List the prime factors of 41.
41
What are the prime factors of 925?
5, 37
List the prime factors of 5356.
2, 13, 103
List the prime factors of 1591.
37, 43
What are the prime factors of 854?
2, 7, 61
What are the prime factors of 11555?
5, 2311
List the prime factors of 1380.
2, 3, 5, 23
What are the prime factors of 435?
3, 5, 29
What are the prime factors of 994?
2, 7, 71
What are the prime factors of 12150?
2, 3, 5
List the prime factors of 26064.
2, 3, 181
List the prime factors of 77561.
11, 641
List the prime factors of 25377.
3, 11, 769
List the prime factors of 1193.
1193
List the prime factors of 7598.
2, 29, 131
What are the prime factors of 85?
5, 17
List the prime factors of 86745.
3, 5, 5783
What are the prime factors of 120379?
7, 29, 593
What are the prime factors of 32781?
3, 7, 223
List the prime factors of 99447.
3, 33149
What are the prime factors of 30582?
2, 3, 1699
What are the prime factors of 39136?
2, 1223
What are the prime factors of 35676?
2, 3, 991
List the prime factors of 7617.
3, 2539
List the prime factors of 4182.
2, 3, 17, 41
List the prime factors of 38364.
2, 3, 23, 139
List the prime factors of 273.
3, 7, 13
What are the prime factors of 305?
5, 61
What are the prime factors of 193?
193
List the prime factors of 747.
3, 83
What are the prime factors of 1142?
2, 571
What are the prime factors of 1752?
2, 3, 73
List the prime factors of 33944.
2, 4243
What are the prime factors of 2079?
3, 7, 11
What are the prime factors of 14142?
2, 3, 2357
List the prime factors of 9344.
2, 73
List the prime factors of 56155.
5, 11, 1021
List the prime factors of 2711.
2711
What are the prime factors of 15339?
3, 5113
What are the prime factors of 37356?
2, 3, 11, 283
List the prime factors of 187.
11, 17
What are the prime factors of 6238?
2, 3119
What are the prime factors of 1015?
5, 7, 29
List the prime factors of 12821.
12821
List the prime factors of 11192.
2, 1399
What are the prime factors of 74960?
2, 5, 937
What are the prime factors of 5285?
5, 7, 151
What are the prime factors of 105135?
3, 5, 43, 163
List the prime factors of 8389.
8389
List the prime factors of 8964.
2, 3, 83
What are the prime factors of 681?
3, 227
List the prime factors of 459.
3, 17
List the prime factors of 1807.
13, 139
What are the prime factors of 626?
2, 313
List the prime factors of 57601.
57601
What are the prime factors of 15962?
2, 23, 347
What are the prime factors of 144136?
2, 43, 419
What are the prime factors of 1380?
2, 3, 5, 23
List the prime factors of 3503.
31, 113
List the prime factors of 3992.
2, 499
List the prime factors of 49533.
3, 11, 19, 79
What are the prime factors of 10641?
3, 3547
What are the prime factors of 5621?
7, 11, 73
What are the prime factors of 1528?
2, 191
What are the prime factors of 3943?
3943
List the prime factors of 3284.
2, 821
List the prime factors of 2428.
2, 607
What are the prime factors of 20961?
3, 17, 137
What are the prime factors of 1225?
5, 7
List the prime factors of 4153.
4153
List the prime factors of 20962.
2, 47, 223
List the prime factors of 56247.
3, 18749
What are the prime factors of 9262?
2, 11, 421
What are the prime factors of 627?
3, 11, 19
List the prime factors of 5478.
2, 3, 11, 83
What are the prime factors of 3476?
2, 11, 79
List the prime factors of 3990.
2, 3, 5, 7, 19
List the prime factors of 22843.
53, 431
What are the prime factors of 44305?
5, 8861
What are the prime factors of 665?
5, 7, 19
What are the prime factors of 1317?
3, 439
What are the prime factors of 76247?
19, 4013
What are the prime factors of 1060?
2, 5, 53
List the prime factors of 3791.
17, 223
List the prime factors of 470.
2, 5, 47
List the prime factors of 732.
2, 3, 61
What are the prime factors of 3792?
2, 3, 79
What are the prime factors of 1431?
3, 53
List the prime factors of 1073.
29, 37
What are the prime factors of 32574?
2, 3, 61, 89
What are the prime factors of 76636?
2, 7, 17, 23
What are the prime factors of 374?
2, 11, 17
List the prime factors of 772.
2, 193
What are the prime factors of 72656?
2, 19, 239
What are the prime factors of 3147?
3, 1049
List the prime factors of 820.
2, 5, 41
List the prime factors of 1904.
2, 7, 17
List the prime factors of 26834.
2, 13417
List the prime factors of 25191.
3, 311
List the prime factors of 1209.
3, 13, 31
List the prime factors of 12203.
12203
What are the prime factors of 5262?
2, 3, 877
List the prime factors of 73895.
5, 14779
List the prime factors of 27680.
2, 5, 173
What are the prime factors of 325?
5, 13
List the prime factors of 16380.
2, 3, 5, 7, 13
List the prime factors of 1371.
3, 457
What are the prime factors of 11279?
11279
What are the prime factors of 25092?
2, 3, 17, 41
What are the prime factors of 12249?
3, 1361
List the prime factors of 22345.
5, 41, 109
What are the prime factors of 3568?
2, 223
List the prime factors of 64136.
2, 8017
List the prime factors of 3216.
2, 3, 67
List the prime factors of 7318.
2, 3659
What are the prime factors of 4432?
2, 277
What are the prime factors of 644?
2, 7, 23
What are the prime factors of 37065?
3, 5, 7, 353
What are the prime factors of 2475?
3, 5, 11
List the prime factors of 1015.
5, 7, 29
List the prime factors of 28718.
2, 83, 173
What are the prime factors of 338?
2, 13
List the prime factors of 1055.
5, 211
What are the prime factors of 13014?
2, 3, 241
What are the prime factors of 1315?
5, 263
List the prime factors of 26984.
2, 3373
What are the prime factors of 6063?
3, 43, 47
What are the prime factors of 49578?
2, 3, 8263
List the prime factors of 55923.
3, 7, 2663
What are the prime factors of 73425?
3, 5, 11, 89
List the prime factors of 9652.
2, 19, 127
List the prime factors of 545.
5, 109
What are the prime factors of 126329?
7, 18047
List the prime factors of 1319.
1319
List the prime factors of 66416.
2, 7, 593
List the prime factors of 3203.
3203
List the prime factors of 1474.
2, 11, 67
What are the prime factors of 101576?
2, 12697
List the prime factors of 13736.
2, 17, 101
List the prime factors of 2096.
2, 131
What are the prime factors of 62139?
3, 7, 11, 269
List the prime factors of 21189.
3, 7, 1009
What are the prime factors of 69866?
2, 181, 193
List the prime factors of 626.
2, 313
What are the prime factors of 13588?
2, 43, 79
What are the prime factors of 8942?
2, 17, 263
List the prime factors of 2464.
2, 7, 11
List the prime factors of 567.
3, 7
List the prime factors of 85916.
2, 47, 457
List the prime factors of 2268.
2, 3, 7
What are the prime factors of 252?
2, 3, 7
What are the prime factors of 12439?
7, 1777
List the prime factors of 19373.
19373
What are the prime factors of 43716?
2, 3, 3643
List the prime factors of 4726.
2, 17, 139
List the prime factors of 5205.
3, 5, 347
List the prime factors of 904.
2, 113
List the prime factors of 22403.
43, 521
What are the prime factors of 1937?
13, 149
What are the prime factors of 11085?
3, 5, 739
List the prime factors of 2338.
2, 7, 167
List the prime factors of 34445.
5, 83
List the prime factors of 1874.
2, 937
List the prime factors of 658.
2, 7, 47
What are the prime factors of 15548?
2, 13, 23
What are the prime factors of 4235?
5, 7, 11
List the prime factors of 1716.
2, 3, 11, 13
List the prime factors of 48105.
3, 5, 1069
List the prime factors of 26395.
5, 5279
List the prime factors of 139.
139
What are the prime factors of 849?
3, 283
What are the prime factors of 70504?
2, 7, 1259
List the prime factors of 14953.
19, 787
List the prime factors of 24817.
13, 23, 83
List the prime factors of 88.
2, 11
What are the prime factors of 2323?
23, 101
List the prime factors of 294.
2, 3, 7
List the prime factors of 7535.
5, 11, 137
List the prime factors of 1135.
5, 227
What are the prime factors of 9919?
7, 13, 109
List the prime factors of 145405.
5, 13, 2237
List the prime factors of 10266.
2, 3, 29, 59
List the prime factors of 934